{"id":3320,"date":"2021-12-21T14:03:28","date_gmt":"2021-12-21T13:03:28","guid":{"rendered":"https:\/\/lavieensoie.fr\/?page_id=3320"},"modified":"2025-10-06T11:45:17","modified_gmt":"2025-10-06T09:45:17","slug":"accompagnante-perinatale","status":"publish","type":"page","link":"https:\/\/lavieensoie.fr\/index.php\/nos-professionnels\/equipe\/accompagnante-perinatale\/","title":{"rendered":"Accompagnante p\u00e9rinatale"},"content":{"rendered":"<p><div class=\"fusion-fullwidth fullwidth-box fusion-builder-row-1 fusion-flex-container hundred-percent-fullwidth non-hundred-percent-height-scrolling\" style=\"--link_hover_color: #000000;--link_color: rgba(73,73,73,0);--awb-border-sizes-top:8px;--awb-border-sizes-bottom:8px;--awb-border-sizes-left:0px;--awb-border-sizes-right:0px;--awb-border-color:rgba(247,235,249,0);--awb-border-radius-top-left:0px;--awb-border-radius-top-right:0px;--awb-border-radius-bottom-right:0px;--awb-border-radius-bottom-left:0px;--awb-padding-top:0px;--awb-padding-right:0px;--awb-padding-bottom:0px;--awb-padding-left:2px;--awb-margin-top:0px;--awb-margin-bottom:0px;--awb-background-color:rgba(119,119,119,0);--awb-flex-wrap:wrap;\" id=\"Aur\u00e9lie\" ><div class=\"fusion-builder-row fusion-row fusion-flex-align-items-flex-start fusion-flex-content-wrap\" style=\"width:104% !important;max-width:104% !important;margin-left: calc(-4% \/ 2 );margin-right: calc(-4% \/ 2 );\"><div class=\"fusion-layout-column fusion_builder_column fusion-builder-column-0 fusion_builder_column_1_1 1_1 fusion-flex-column\" style=\"--awb-bg-size:cover;--awb-width-large:100%;--awb-margin-top-large:0px;--awb-spacing-right-large:1.92%;--awb-margin-bottom-large:0px;--awb-spacing-left-large:1.92%;--awb-width-medium:100%;--awb-spacing-right-medium:1.92%;--awb-spacing-left-medium:1.92%;--awb-width-small:100%;--awb-spacing-right-small:1.92%;--awb-spacing-left-small:1.92%;\"><div class=\"fusion-column-wrapper fusion-column-has-shadow fusion-flex-justify-content-flex-start fusion-content-layout-column\"><div class=\"fusion-title title fusion-title-1 fusion-sep-none fusion-title-center fusion-title-text fusion-title-size-two\" style=\"--awb-margin-top:0px;\"><h2 class=\"fusion-title-heading title-heading-center fusion-responsive-typography-calculated\" style=\"margin:0;--fontSize:40;line-height:1.2;\"><h2><span style=\"color: #cfbda6;\">Accompagnante p\u00e9rinatale<\/span><\/h2><\/h2><\/div><div class=\"fusion-title title fusion-title-2 fusion-sep-none fusion-title-center fusion-title-text fusion-title-size-two\" style=\"--awb-margin-top:0px;\"><h2 class=\"fusion-title-heading title-heading-center fusion-responsive-typography-calculated\" style=\"margin:0;--fontSize:40;line-height:1.2;\"><\/h2><\/div><\/div><\/div><\/div><\/div><div id=\"prices\" class=\"fusion-container-anchor\"><div class=\"fusion-fullwidth fullwidth-box fusion-builder-row-2 hundred-percent-fullwidth non-hundred-percent-height-scrolling\" style=\"--link_hover_color: rgba(206,174,150,0.4);--awb-background-repeat:repeat-y;--awb-background-blend-mode:overlay;--awb-border-sizes-top:0px;--awb-border-sizes-bottom:0px;--awb-border-sizes-left:0px;--awb-border-sizes-right:0px;--awb-border-radius-top-left:0px;--awb-border-radius-top-right:0px;--awb-border-radius-bottom-right:0px;--awb-border-radius-bottom-left:0px;--awb-padding-top:0px;--awb-padding-bottom:0px;--awb-margin-top:0px;--awb-margin-bottom:0px;--awb-background-color:rgba(244,67,54,0);--awb-flex-wrap:wrap;\" ><div class=\"fusion-builder-row fusion-row\"><div class=\"fusion-layout-column fusion_builder_column fusion-builder-column-1 fusion_builder_column_1_3 1_3 fusion-one-third fusion-column-first fusion-column-no-min-height\" style=\"--awb-padding-top:51px;--awb-padding-bottom:89px;--awb-bg-image:url(&#039;https:\/\/lavieensoie.fr\/wp-content\/uploads\/2017\/11\/services-bg3_26-e1518615760726-scaled.jpg&#039;);--awb-bg-position:center center;--awb-bg-repeat:repeat-y;--awb-margin-top:0px;--awb-margin-bottom:0px;width:33.333333333333%;width:calc(33.333333333333% - ( ( 0% ) * 0.33333333333333 ) );margin-right: 0%;\"><div class=\"fusion-column-wrapper fusion-column-has-shadow fusion-flex-column-wrapper-legacy fusion-column-has-bg-image\" data-bg-url=\"https:\/\/lavieensoie.fr\/wp-content\/uploads\/2017\/11\/services-bg3_26-e1518615760726-scaled.jpg\"><div class=\"fusion-image-element fusion-image-align-center in-legacy-container\" style=\"text-align:center;--awb-max-width:500px;--awb-caption-title-font-family:var(--h2_typography-font-family);--awb-caption-title-font-weight:var(--h2_typography-font-weight);--awb-caption-title-font-style:var(--h2_typography-font-style);--awb-caption-title-size:var(--h2_typography-font-size);--awb-caption-title-transform:var(--h2_typography-text-transform);--awb-caption-title-line-height:var(--h2_typography-line-height);--awb-caption-title-letter-spacing:var(--h2_typography-letter-spacing);\"><div class=\"imageframe-align-center\"><span class=\" fusion-imageframe imageframe-none imageframe-1 hover-type-none fusion-animated\" style=\"border-radius:450%;\" data-animationType=\"fadeInDown\" data-animationDuration=\"1.0\" data-animationOffset=\"top-into-view\"><img decoding=\"async\" width=\"300\" height=\"300\" title=\"Manon PINEAU\" src=\"https:\/\/lavieensoie.fr\/wp-content\/uploads\/2024\/05\/Manon-PINEAU-300x300.png\" alt class=\"img-responsive wp-image-8791\" srcset=\"https:\/\/lavieensoie.fr\/wp-content\/uploads\/2024\/05\/Manon-PINEAU-200x200.png 200w, https:\/\/lavieensoie.fr\/wp-content\/uploads\/2024\/05\/Manon-PINEAU-400x400.png 400w, https:\/\/lavieensoie.fr\/wp-content\/uploads\/2024\/05\/Manon-PINEAU-600x600.png 600w, https:\/\/lavieensoie.fr\/wp-content\/uploads\/2024\/05\/Manon-PINEAU-800x800.png 800w, https:\/\/lavieensoie.fr\/wp-content\/uploads\/2024\/05\/Manon-PINEAU.png 1181w\" sizes=\"(max-width: 800px) 100vw, 400px\" \/><\/span><\/div><\/div><div class=\"fusion-title title fusion-title-3 fusion-sep-none fusion-title-center fusion-title-text fusion-title-size-three\" style=\"--awb-margin-top:30px;--awb-margin-bottom:1px;--awb-margin-top-small:30px;--awb-margin-bottom-small:1px;--awb-font-size:30px;\"><h3 class=\"fusion-title-heading title-heading-center fusion-responsive-typography-calculated\" style=\"margin:0;font-size:1em;--fontSize:30;--minFontSize:30;line-height:1.08;\"><p style=\"text-align: center;\"><span style=\"color: #cfbda6;\"><span style=\"vertical-align: inherit;\"><span style=\"vertical-align: inherit;\">Manon PINEAU<\/span><\/span><\/span><\/p><\/h3><\/div><div class=\"fusion-title title fusion-title-4 fusion-sep-none fusion-title-center fusion-title-text fusion-title-size-two\" style=\"--awb-margin-top:0px;\"><h2 class=\"fusion-title-heading title-heading-center fusion-responsive-typography-calculated\" style=\"margin:0;--fontSize:40;line-height:1.2;\"><\/h2><\/div><div class=\"fusion-text fusion-text-1\"><h6 style=\"text-align: center;\"><span style=\"color: #808080;\"><span style=\"vertical-align: inherit;\"><span style=\"color: #808080;\">Futurs parents, nourrissons, enfants, femmes enceintes<\/span><\/span><\/span><\/h6>\n<\/div><div class=\"fusion-sep-clear\"><\/div><div class=\"fusion-separator\" style=\"margin-left: auto;margin-right: auto;margin-bottom:35px;width:100%;max-width:80px;\"><div class=\"fusion-separator-border sep-single sep-solid\" style=\"--awb-height:20px;--awb-amount:20px;--awb-sep-color:#8b7665;border-color:#8b7665;border-top-width:1px;\"><\/div><\/div><div class=\"fusion-sep-clear\"><\/div><div class=\"fusion-text fusion-text-2\"><h3 style=\"text-align: center;\"><span style=\"color: #cfbda6;\"><span style=\"vertical-align: inherit;\">Thalasso Th\u00e9rapeutique <\/span><\/span><\/h3>\n<h3 style=\"text-align: center;\"><span style=\"color: #cfbda6;\"><span style=\"vertical-align: inherit;\">Bain B\u00e9b\u00e9 (bain de Sonia)<\/span><\/span><\/h3>\n<h3 style=\"text-align: center;\"><span style=\"color: #cfbda6;\"><span style=\"vertical-align: inherit;\">Massages B\u00e9b\u00e9s \/ Massage pr\u00e9natal<\/span><\/span><\/h3>\n<\/div><div class=\"fusion-aligncenter\"><a class=\"fusion-button button-3d button-small button-custom fusion-button-default button-1 fusion-button-span-no fusion-has-button-gradient\" style=\"--button_bevel_color:#cfbda6;--button_accent_color:#545454;--button_border_color:#545454;--button_accent_hover_color:#ffffff;--button_border_hover_color:#e81e90;--button_border_width-top:0px;--button_border_width-right:0px;--button_border_width-bottom:0px;--button_border_width-left:0px;--button_gradient_top_color:#cfbda6;--button_gradient_bottom_color:#cfbda6;--button_gradient_top_color_hover:#cfbda6;--button_gradient_bottom_color_hover:rgba(255,255,255,0.69);\" target=\"_blank\" rel=\"noopener noreferrer\" href=\"https:\/\/www.unmomentsuspendu.com\/\"><span class=\"fusion-button-text\">Prendre rendez-vous<\/span><\/a><\/div><div class=\"fusion-clearfix\"><\/div><\/div><\/div><div class=\"fusion-layout-column fusion_builder_column fusion-builder-column-2 fusion_builder_column_2_3 2_3 fusion-two-third fusion-column-last fusion-column-no-min-height\" style=\"--awb-padding-right:30px;--awb-padding-bottom:24px;--awb-padding-left:30px;--awb-overflow:hidden;--awb-bg-color:rgba(255,255,255,0);--awb-bg-color-hover:rgba(255,255,255,0);--awb-bg-size:cover;--awb-box-shadow:0px 10px 0px -100px #c9dac8;;--awb-border-radius:15px 15px 15px 15px;--awb-margin-top:12px;--awb-margin-bottom:0px;width:66.666666666667%;width:calc(66.666666666667% - ( ( 0% ) * 0.66666666666667 ) );\"><div class=\"fusion-column-wrapper fusion-column-has-shadow fusion-flex-column-wrapper-legacy\"><div class=\"fusion-column-content-centered\"><div class=\"fusion-column-content\"><div class=\"fusion-text fusion-text-3\"><ul>\n<li><span style=\"color: #808080; font-size: medium;\">infirmi\u00e8re pu\u00e9ricultrice depuis 2017, j\u2019exerce depuis mes d\u00e9buts dans un service de r\u00e9animation n\u00e9onatale aupr\u00e8s de grands pr\u00e9matur\u00e9s. <\/span><\/li>\n<li><span style=\"font-size: medium; color: #808080;\">Certifi\u00e9e en Thalasso Bain b\u00e9b\u00e9, le bain de Sonia, depuis Ao\u00fbt 2022, par <a style=\"color: #cfbda6;\" href=\"https:\/\/www.lecoledubiennaitre.com\/formations-professionnelles\/\">L&rsquo;\u00e9cole du Bien Naitre de Sonia Krief<\/a><\/span><span style=\"font-size: medium; color: #808080;\">, j\u2019ai \u00e0 c\u0153ur \u00e0 travers ce soin de <span style=\"font-size: medium;\">vous permettre de rencontrer de nouveau votre b\u00e9b\u00e9<\/span>.<\/span><\/li>\n<\/ul>\n<div><span style=\"font-size: medium; color: #808080;\">J&rsquo;accompagne avec bienveillance et douceur chaque m\u00e8re, depuis sa grossesse jusqu\u2019aux premiers mois de vie de l\u2019enfant, et chaque parent, \u00e0 s\u2019\u00e9panouir dans son<\/span><span style=\"font-size: medium; color: #808080;\"> r\u00f4le parental.<\/span><\/div>\n<div>&nbsp;<\/div>\n<div><span style=\"font-size: medium; color: #808080;\">A<span style=\"font-size: medium;\"> travers mes soins, je r\u00e9ponds&nbsp; \u00e0 toutes vos interrogations et vous accompagne \u00e0 prendre confiance en vous dans votre nouveau r\u00f4le de parent.<\/span><\/span><\/div>\n<div>&nbsp;<\/div>\n<hr>\n<p style=\"text-align: center;\"><em><span style=\"color: #808080;\"><span style=\"vertical-align: inherit;\">Tous les protocoles propos\u00e9s ont \u00e9t\u00e9 \u00e9labor\u00e9s pour vous, afin de r\u00e9pondre au mieux \u00e0 vos besoins et de vous accompagner en toute s\u00e9curit\u00e9, s&rsquo;adaptant \u00e0 chaque stade de la grossesse, et \u00e0 l&rsquo;\u00e9volution de votre tout-petit.<\/span><\/span><\/em><\/p>\n<\/div><div class=\"fusion-text fusion-text-4\"><h6 style=\"text-align: center;\"><em>Retrouvez ses prestations et tarifs sur la page <a href=\"https:\/\/lavieensoie.fr\/index.php\/nos-prestations\/consultations-conception\/\"><span style=\"color: #cfbda6;\">consultations individuelles<\/span><\/a><\/em><\/h6>\n<\/div><div class=\"awb-gallery-wrapper awb-gallery-wrapper-1 button-span-no\"><div style=\"margin:0px;--awb-bordersize:0px;\" class=\"fusion-gallery fusion-gallery-container fusion-grid-5 fusion-columns-total-4 fusion-gallery-layout-masonry fusion-gallery-1\"><div class=\"fusion-grid-column fusion-gallery-column fusion-gallery-column-5 hover-type-none fusion-grid-sizer\"><\/div><div style=\"padding:0px;\" class=\"fusion-grid-column fusion-gallery-column fusion-gallery-column-5 hover-type-none fusion-element-landscape fusion-element-portrait\"><div class=\"fusion-gallery-image\"><a href=\"https:\/\/lavieensoie.fr\/wp-content\/uploads\/2024\/05\/Zack-112-scaled.jpg\" rel=\"noreferrer\" data-rel=\"iLightbox[gallery_image_1]\" class=\"fusion-lightbox\" target=\"_self\"><div style=\"background-image:url(https:\/\/lavieensoie.fr\/wp-content\/uploads\/2024\/05\/Zack-112-scaled.jpg);padding-top:calc((100% + 0px) * 0.8);background-position:;\" class=\"fusion-masonry-element-container\"><img decoding=\"async\" src=\"https:\/\/lavieensoie.fr\/wp-content\/uploads\/2024\/05\/Zack-112-scaled.jpg\" width=\"2560\" height=\"1707\" alt=\"\" title=\"Zack-112\" aria-label=\"Zack-112\" class=\"img-responsive wp-image-8793\" srcset=\"https:\/\/lavieensoie.fr\/wp-content\/uploads\/2024\/05\/Zack-112-200x133.jpg 200w, https:\/\/lavieensoie.fr\/wp-content\/uploads\/2024\/05\/Zack-112-400x267.jpg 400w, https:\/\/lavieensoie.fr\/wp-content\/uploads\/2024\/05\/Zack-112-600x400.jpg 600w, https:\/\/lavieensoie.fr\/wp-content\/uploads\/2024\/05\/Zack-112-800x533.jpg 800w, https:\/\/lavieensoie.fr\/wp-content\/uploads\/2024\/05\/Zack-112-1200x800.jpg 1200w, https:\/\/lavieensoie.fr\/wp-content\/uploads\/2024\/05\/Zack-112-scaled.jpg 2560w\" sizes=\"(min-width: 2200px) 100vw, (min-width: 692px) 550px, (min-width: 640px) 692px, \" \/><\/div><\/a><\/div><\/div><div style=\"padding:0px;\" class=\"fusion-grid-column fusion-gallery-column fusion-gallery-column-5 hover-type-none fusion-element-portrait\"><div class=\"fusion-gallery-image\"><a href=\"https:\/\/lavieensoie.fr\/wp-content\/uploads\/2024\/05\/Zack-076-scaled.jpg\" rel=\"noreferrer\" data-rel=\"iLightbox[gallery_image_1]\" class=\"fusion-lightbox\" target=\"_self\"><div style=\"background-image:url(https:\/\/lavieensoie.fr\/wp-content\/uploads\/2024\/05\/Zack-076-scaled.jpg);padding-top:calc((100% + 0px) * 1.6);background-position:;\" class=\"fusion-masonry-element-container\"><img decoding=\"async\" src=\"https:\/\/lavieensoie.fr\/wp-content\/uploads\/2024\/05\/Zack-076-scaled.jpg\" width=\"1707\" height=\"2560\" alt=\"\" title=\"Zack-076\" aria-label=\"Zack-076\" class=\"img-responsive wp-image-8795\" srcset=\"https:\/\/lavieensoie.fr\/wp-content\/uploads\/2024\/05\/Zack-076-200x300.jpg 200w, https:\/\/lavieensoie.fr\/wp-content\/uploads\/2024\/05\/Zack-076-400x600.jpg 400w, https:\/\/lavieensoie.fr\/wp-content\/uploads\/2024\/05\/Zack-076-600x900.jpg 600w, https:\/\/lavieensoie.fr\/wp-content\/uploads\/2024\/05\/Zack-076-800x1200.jpg 800w, https:\/\/lavieensoie.fr\/wp-content\/uploads\/2024\/05\/Zack-076-1200x1800.jpg 1200w, https:\/\/lavieensoie.fr\/wp-content\/uploads\/2024\/05\/Zack-076-scaled.jpg 1707w\" sizes=\"(min-width: 2200px) 100vw, (min-width: 848px) 220px, (min-width: 796px) 275px, (min-width: 744px) 367px, (min-width: 692px) 550px, (min-width: 640px) 692px, \" \/><\/div><\/a><\/div><\/div><div style=\"padding:0px;\" class=\"fusion-grid-column fusion-gallery-column fusion-gallery-column-5 hover-type-none fusion-element-portrait\"><div class=\"fusion-gallery-image\"><a href=\"https:\/\/lavieensoie.fr\/wp-content\/uploads\/2024\/05\/Bain-enveloppe-Zack-noir-et-blanc--scaled.jpg\" rel=\"noreferrer\" data-rel=\"iLightbox[gallery_image_1]\" class=\"fusion-lightbox\" target=\"_self\"><div style=\"background-image:url(https:\/\/lavieensoie.fr\/wp-content\/uploads\/2024\/05\/Bain-enveloppe-Zack-noir-et-blanc--scaled.jpg);padding-top:calc((100% + 0px) * 1.6);background-position:;\" class=\"fusion-masonry-element-container\"><img decoding=\"async\" src=\"https:\/\/lavieensoie.fr\/wp-content\/uploads\/2024\/05\/Bain-enveloppe-Zack-noir-et-blanc--scaled.jpg\" width=\"1707\" height=\"2560\" alt=\"\" title=\"Bain enveloppe\u0301 Zack noir et blanc\" aria-label=\"Bain enveloppe\u0301 Zack noir et blanc\" class=\"img-responsive wp-image-8799\" srcset=\"https:\/\/lavieensoie.fr\/wp-content\/uploads\/2024\/05\/Bain-enveloppe-Zack-noir-et-blanc--200x300.jpg 200w, https:\/\/lavieensoie.fr\/wp-content\/uploads\/2024\/05\/Bain-enveloppe-Zack-noir-et-blanc--400x600.jpg 400w, https:\/\/lavieensoie.fr\/wp-content\/uploads\/2024\/05\/Bain-enveloppe-Zack-noir-et-blanc--600x900.jpg 600w, https:\/\/lavieensoie.fr\/wp-content\/uploads\/2024\/05\/Bain-enveloppe-Zack-noir-et-blanc--800x1200.jpg 800w, https:\/\/lavieensoie.fr\/wp-content\/uploads\/2024\/05\/Bain-enveloppe-Zack-noir-et-blanc--1200x1800.jpg 1200w, https:\/\/lavieensoie.fr\/wp-content\/uploads\/2024\/05\/Bain-enveloppe-Zack-noir-et-blanc--scaled.jpg 1707w\" sizes=\"(min-width: 2200px) 100vw, (min-width: 848px) 220px, (min-width: 796px) 275px, (min-width: 744px) 367px, (min-width: 692px) 550px, (min-width: 640px) 692px, \" \/><\/div><\/a><\/div><\/div><div style=\"padding:0px;\" class=\"fusion-grid-column fusion-gallery-column fusion-gallery-column-5 hover-type-none fusion-element-portrait\"><div class=\"fusion-gallery-image\"><a href=\"https:\/\/lavieensoie.fr\/wp-content\/uploads\/2024\/05\/Zack-092-scaled.jpg\" rel=\"noreferrer\" data-rel=\"iLightbox[gallery_image_1]\" class=\"fusion-lightbox\" target=\"_self\"><div style=\"background-image:url(https:\/\/lavieensoie.fr\/wp-content\/uploads\/2024\/05\/Zack-092-scaled.jpg);padding-top:calc((100% + 0px) * 1.6);background-position:;\" class=\"fusion-masonry-element-container\"><img decoding=\"async\" src=\"https:\/\/lavieensoie.fr\/wp-content\/uploads\/2024\/05\/Zack-092-scaled.jpg\" width=\"1707\" height=\"2560\" alt=\"\" title=\"Zack-092\" aria-label=\"Zack-092\" class=\"img-responsive wp-image-8794\" srcset=\"https:\/\/lavieensoie.fr\/wp-content\/uploads\/2024\/05\/Zack-092-200x300.jpg 200w, https:\/\/lavieensoie.fr\/wp-content\/uploads\/2024\/05\/Zack-092-400x600.jpg 400w, https:\/\/lavieensoie.fr\/wp-content\/uploads\/2024\/05\/Zack-092-600x900.jpg 600w, https:\/\/lavieensoie.fr\/wp-content\/uploads\/2024\/05\/Zack-092-800x1200.jpg 800w, https:\/\/lavieensoie.fr\/wp-content\/uploads\/2024\/05\/Zack-092-1200x1800.jpg 1200w, https:\/\/lavieensoie.fr\/wp-content\/uploads\/2024\/05\/Zack-092-scaled.jpg 1707w\" sizes=\"(min-width: 2200px) 100vw, (min-width: 848px) 220px, (min-width: 796px) 275px, (min-width: 744px) 367px, (min-width: 692px) 550px, (min-width: 640px) 692px, \" \/><\/div><\/a><\/div><\/div><\/div><\/div><\/div><\/div><div class=\"fusion-clearfix\"><\/div><\/div><\/div><\/div><\/div><\/div><\/p>\n","protected":false},"excerpt":{"rendered":"","protected":false},"author":2,"featured_media":0,"parent":1720,"menu_order":0,"comment_status":"closed","ping_status":"closed","template":"100-width.php","meta":{"footnotes":""},"class_list":["post-3320","page","type-page","status-publish","hentry"],"acf":[],"yoast_head":"<!-- This site is optimized with the Yoast SEO plugin v21.1 - https:\/\/yoast.com\/wordpress\/plugins\/seo\/ -->\n<title>Accompagnante p\u00e9rinatale - La vie en soie<\/title>\n<meta name=\"robots\" content=\"index, follow, max-snippet:-1, max-image-preview:large, max-video-preview:-1\" \/>\n<link rel=\"canonical\" href=\"https:\/\/lavieensoie.fr\/index.php\/nos-professionnels\/equipe\/accompagnante-perinatale\/\" \/>\n<meta property=\"og:locale\" content=\"fr_FR\" \/>\n<meta property=\"og:type\" content=\"article\" \/>\n<meta property=\"og:title\" content=\"Accompagnante p\u00e9rinatale - La vie en soie\" \/>\n<meta property=\"og:url\" content=\"https:\/\/lavieensoie.fr\/index.php\/nos-professionnels\/equipe\/accompagnante-perinatale\/\" \/>\n<meta property=\"og:site_name\" content=\"La vie en soie\" \/>\n<meta property=\"article:modified_time\" content=\"2025-10-06T09:45:17+00:00\" \/>\n<meta name=\"twitter:card\" content=\"summary_large_image\" \/>\n<meta name=\"twitter:label1\" content=\"Dur\u00e9e de lecture estim\u00e9e\" \/>\n\t<meta name=\"twitter:data1\" content=\"4 minutes\" \/>\n<script type=\"application\/ld+json\" class=\"yoast-schema-graph\">{\"@context\":\"https:\/\/schema.org\",\"@graph\":[{\"@type\":\"WebPage\",\"@id\":\"https:\/\/lavieensoie.fr\/index.php\/nos-professionnels\/equipe\/accompagnante-perinatale\/\",\"url\":\"https:\/\/lavieensoie.fr\/index.php\/nos-professionnels\/equipe\/accompagnante-perinatale\/\",\"name\":\"Accompagnante p\u00e9rinatale - La vie en soie\",\"isPartOf\":{\"@id\":\"https:\/\/lavieensoie.fr\/#website\"},\"datePublished\":\"2021-12-21T13:03:28+00:00\",\"dateModified\":\"2025-10-06T09:45:17+00:00\",\"breadcrumb\":{\"@id\":\"https:\/\/lavieensoie.fr\/index.php\/nos-professionnels\/equipe\/accompagnante-perinatale\/#breadcrumb\"},\"inLanguage\":\"fr-FR\",\"potentialAction\":[{\"@type\":\"ReadAction\",\"target\":[\"https:\/\/lavieensoie.fr\/index.php\/nos-professionnels\/equipe\/accompagnante-perinatale\/\"]}]},{\"@type\":\"BreadcrumbList\",\"@id\":\"https:\/\/lavieensoie.fr\/index.php\/nos-professionnels\/equipe\/accompagnante-perinatale\/#breadcrumb\",\"itemListElement\":[{\"@type\":\"ListItem\",\"position\":1,\"name\":\"Accueil\",\"item\":\"https:\/\/lavieensoie.fr\/\"},{\"@type\":\"ListItem\",\"position\":2,\"name\":\"Nos professionnels\",\"item\":\"https:\/\/lavieensoie.fr\/index.php\/nos-professionnels\/\"},{\"@type\":\"ListItem\",\"position\":3,\"name\":\"Equipe\",\"item\":\"https:\/\/lavieensoie.fr\/index.php\/nos-professionnels\/equipe\/\"},{\"@type\":\"ListItem\",\"position\":4,\"name\":\"Accompagnante p\u00e9rinatale\"}]},{\"@type\":\"WebSite\",\"@id\":\"https:\/\/lavieensoie.fr\/#website\",\"url\":\"https:\/\/lavieensoie.fr\/\",\"name\":\"La vie en soie\",\"description\":\"Bien-\u00eatre parents enfants\",\"publisher\":{\"@id\":\"https:\/\/lavieensoie.fr\/#organization\"},\"potentialAction\":[{\"@type\":\"SearchAction\",\"target\":{\"@type\":\"EntryPoint\",\"urlTemplate\":\"https:\/\/lavieensoie.fr\/?s={search_term_string}\"},\"query-input\":\"required name=search_term_string\"}],\"inLanguage\":\"fr-FR\"},{\"@type\":\"Organization\",\"@id\":\"https:\/\/lavieensoie.fr\/#organization\",\"name\":\"La vie en soie\",\"url\":\"https:\/\/lavieensoie.fr\/\",\"logo\":{\"@type\":\"ImageObject\",\"inLanguage\":\"fr-FR\",\"@id\":\"https:\/\/lavieensoie.fr\/#\/schema\/logo\/image\/\",\"url\":\"https:\/\/lavieensoie.fr\/wp-content\/uploads\/2021\/08\/cropped-Sans-titre-3.png\",\"contentUrl\":\"https:\/\/lavieensoie.fr\/wp-content\/uploads\/2021\/08\/cropped-Sans-titre-3.png\",\"width\":500,\"height\":500,\"caption\":\"La vie en soie\"},\"image\":{\"@id\":\"https:\/\/lavieensoie.fr\/#\/schema\/logo\/image\/\"}}]}<\/script>\n<!-- \/ Yoast SEO plugin. -->","yoast_head_json":{"title":"Accompagnante p\u00e9rinatale - La vie en soie","robots":{"index":"index","follow":"follow","max-snippet":"max-snippet:-1","max-image-preview":"max-image-preview:large","max-video-preview":"max-video-preview:-1"},"canonical":"https:\/\/lavieensoie.fr\/index.php\/nos-professionnels\/equipe\/accompagnante-perinatale\/","og_locale":"fr_FR","og_type":"article","og_title":"Accompagnante p\u00e9rinatale - La vie en soie","og_url":"https:\/\/lavieensoie.fr\/index.php\/nos-professionnels\/equipe\/accompagnante-perinatale\/","og_site_name":"La vie en soie","article_modified_time":"2025-10-06T09:45:17+00:00","twitter_card":"summary_large_image","twitter_misc":{"Dur\u00e9e de lecture estim\u00e9e":"4 minutes"},"schema":{"@context":"https:\/\/schema.org","@graph":[{"@type":"WebPage","@id":"https:\/\/lavieensoie.fr\/index.php\/nos-professionnels\/equipe\/accompagnante-perinatale\/","url":"https:\/\/lavieensoie.fr\/index.php\/nos-professionnels\/equipe\/accompagnante-perinatale\/","name":"Accompagnante p\u00e9rinatale - La vie en soie","isPartOf":{"@id":"https:\/\/lavieensoie.fr\/#website"},"datePublished":"2021-12-21T13:03:28+00:00","dateModified":"2025-10-06T09:45:17+00:00","breadcrumb":{"@id":"https:\/\/lavieensoie.fr\/index.php\/nos-professionnels\/equipe\/accompagnante-perinatale\/#breadcrumb"},"inLanguage":"fr-FR","potentialAction":[{"@type":"ReadAction","target":["https:\/\/lavieensoie.fr\/index.php\/nos-professionnels\/equipe\/accompagnante-perinatale\/"]}]},{"@type":"BreadcrumbList","@id":"https:\/\/lavieensoie.fr\/index.php\/nos-professionnels\/equipe\/accompagnante-perinatale\/#breadcrumb","itemListElement":[{"@type":"ListItem","position":1,"name":"Accueil","item":"https:\/\/lavieensoie.fr\/"},{"@type":"ListItem","position":2,"name":"Nos professionnels","item":"https:\/\/lavieensoie.fr\/index.php\/nos-professionnels\/"},{"@type":"ListItem","position":3,"name":"Equipe","item":"https:\/\/lavieensoie.fr\/index.php\/nos-professionnels\/equipe\/"},{"@type":"ListItem","position":4,"name":"Accompagnante p\u00e9rinatale"}]},{"@type":"WebSite","@id":"https:\/\/lavieensoie.fr\/#website","url":"https:\/\/lavieensoie.fr\/","name":"La vie en soie","description":"Bien-\u00eatre parents enfants","publisher":{"@id":"https:\/\/lavieensoie.fr\/#organization"},"potentialAction":[{"@type":"SearchAction","target":{"@type":"EntryPoint","urlTemplate":"https:\/\/lavieensoie.fr\/?s={search_term_string}"},"query-input":"required name=search_term_string"}],"inLanguage":"fr-FR"},{"@type":"Organization","@id":"https:\/\/lavieensoie.fr\/#organization","name":"La vie en soie","url":"https:\/\/lavieensoie.fr\/","logo":{"@type":"ImageObject","inLanguage":"fr-FR","@id":"https:\/\/lavieensoie.fr\/#\/schema\/logo\/image\/","url":"https:\/\/lavieensoie.fr\/wp-content\/uploads\/2021\/08\/cropped-Sans-titre-3.png","contentUrl":"https:\/\/lavieensoie.fr\/wp-content\/uploads\/2021\/08\/cropped-Sans-titre-3.png","width":500,"height":500,"caption":"La vie en soie"},"image":{"@id":"https:\/\/lavieensoie.fr\/#\/schema\/logo\/image\/"}}]}},"_links":{"self":[{"href":"https:\/\/lavieensoie.fr\/index.php\/wp-json\/wp\/v2\/pages\/3320","targetHints":{"allow":["GET"]}}],"collection":[{"href":"https:\/\/lavieensoie.fr\/index.php\/wp-json\/wp\/v2\/pages"}],"about":[{"href":"https:\/\/lavieensoie.fr\/index.php\/wp-json\/wp\/v2\/types\/page"}],"author":[{"embeddable":true,"href":"https:\/\/lavieensoie.fr\/index.php\/wp-json\/wp\/v2\/users\/2"}],"replies":[{"embeddable":true,"href":"https:\/\/lavieensoie.fr\/index.php\/wp-json\/wp\/v2\/comments?post=3320"}],"version-history":[{"count":10,"href":"https:\/\/lavieensoie.fr\/index.php\/wp-json\/wp\/v2\/pages\/3320\/revisions"}],"predecessor-version":[{"id":9706,"href":"https:\/\/lavieensoie.fr\/index.php\/wp-json\/wp\/v2\/pages\/3320\/revisions\/9706"}],"up":[{"embeddable":true,"href":"https:\/\/lavieensoie.fr\/index.php\/wp-json\/wp\/v2\/pages\/1720"}],"wp:attachment":[{"href":"https:\/\/lavieensoie.fr\/index.php\/wp-json\/wp\/v2\/media?parent=3320"}],"curies":[{"name":"wp","href":"https:\/\/api.w.org\/{rel}","templated":true}]}}