{"id":1727,"date":"2016-08-02T11:05:09","date_gmt":"2016-08-02T11:05:09","guid":{"rendered":"https:\/\/lavieensoie.fr\/?page_id=9"},"modified":"2023-04-04T10:48:50","modified_gmt":"2023-04-04T08:48:50","slug":"nos-professionnels","status":"publish","type":"page","link":"https:\/\/lavieensoie.fr\/index.php\/nos-professionnels\/","title":{"rendered":"Nos professionnels"},"content":{"rendered":"<div id=\"fusion-scroll-section-1\" class=\"fusion-scroll-section fusion-scroll-section\" data-section=\"1\" data-animation=\"fade\" data-speed=\"800\" ><div class=\"fusion-scroll-section-element active\" data-section=\"1\" data-element=\"1\" style=\"transition-duration:450ms;&quot;\" ><div id=\"prices\" class=\"fusion-container-anchor\"><div class=\"fusion-fullwidth fullwidth-box fusion-builder-row-1 nonhundred-percent-fullwidth hundred-percent-height hundred-percent-height-scrolling fusion-equal-height-columns\" style=\"--link_hover_color: rgba(206,174,150,0.4);--awb-background-position:center bottom;--awb-background-repeat:repeat-x;--awb-background-blend-mode:overlay;--awb-border-radius-top-left:0px;--awb-border-radius-top-right:0px;--awb-border-radius-bottom-right:0px;--awb-border-radius-bottom-left:0px;--awb-padding-top:0px;--awb-padding-right:0px;--awb-padding-bottom:0px;--awb-padding-left:0px;--awb-margin-top:0px;--awb-margin-bottom:0px;--awb-background-color:rgba(244,67,54,0);--awb-border-sizes-top:0px;--awb-border-sizes-bottom:0px;--awb-flex-wrap:wrap;\" ><div class=\"fusion-builder-row fusion-row\"><div class=\"fusion-layout-column fusion_builder_column fusion-builder-column-0 fusion_builder_column_1_1 1_1 fusion-one-full fusion-column-first fusion-column-last fusion-column-no-min-height fusion-animated\" style=\"--awb-padding-bottom:34px;--awb-bg-size:cover;--awb-margin-top:0.9886000000000017px;--awb-margin-bottom:0px;\" data-animationType=\"slideInUp\" data-animationDuration=\"1.0\" data-animationOffset=\"top-into-view\"><div class=\"fusion-column-wrapper fusion-flex-column-wrapper-legacy\"><div class=\"fusion-column-content-centered\"><div class=\"fusion-column-content\"><div class=\"fusion-title title fusion-title-1 fusion-sep-none fusion-title-center fusion-title-text fusion-title-size-two\" style=\"--awb-margin-top:0px;\"><h2 class=\"fusion-title-heading title-heading-center fusion-responsive-typography-calculated\" style=\"margin:0;--fontSize:40;line-height:1.2;\"><h2><span style=\"color: #cfbda6;\">Nos Professionnels<\/span><\/h2><\/h2><\/div><div class=\"fusion-sep-clear\"><\/div><div class=\"fusion-separator\" style=\"margin-left: auto;margin-right: auto;margin-bottom:0px;width:100%;max-width:80px;\"><div class=\"fusion-separator-border sep-single sep-solid\" style=\"--awb-height:20px;--awb-amount:20px;--awb-sep-color:#8b7665;border-color:#8b7665;border-top-width:1px;\"><\/div><\/div><div class=\"fusion-sep-clear\"><\/div><div class=\"fusion-text fusion-text-1\"><h5 style=\"text-align: center;\"><span style=\"color: #b9afa1;\">Venez rencontrer nos professionnels lors d&rsquo;ateliers en groupe ou en consultation individuelle. Nous les avons s\u00e9lectionn\u00e9 avec choix pour leur professionnalisme, leur \u00e9coute et leur bienveillance.<\/span><\/h5>\n<\/div><\/div><\/div><div class=\"fusion-clearfix\"><\/div><\/div><\/div><div class=\"fusion-layout-column fusion_builder_column fusion-builder-column-1 fusion_builder_column_1_2 1_2 fusion-one-half fusion-column-first\" style=\"--awb-bg-color:#ffffff;--awb-bg-color-hover:#ffffff;--awb-bg-size:cover;width:50%;width:calc(50% - ( ( 6% ) * 0.5 ) );margin-right: 6%;\"><div class=\"fusion-column-wrapper fusion-column-has-shadow fusion-flex-column-wrapper-legacy\"><div class=\"fusion-image-element fusion-image-align-center in-legacy-container\" style=\"text-align:center;--awb-max-width:300px;--awb-caption-title-font-family:var(--h2_typography-font-family);--awb-caption-title-font-weight:var(--h2_typography-font-weight);--awb-caption-title-font-style:var(--h2_typography-font-style);--awb-caption-title-size:var(--h2_typography-font-size);--awb-caption-title-transform:var(--h2_typography-text-transform);--awb-caption-title-line-height:var(--h2_typography-line-height);--awb-caption-title-letter-spacing:var(--h2_typography-letter-spacing);\"><div class=\"imageframe-align-center\"><span class=\" fusion-imageframe imageframe-none imageframe-1 hover-type-zoomin fusion-animated\" style=\"border-radius:50%;\" data-animationType=\"fadeInDown\" data-animationDuration=\"1.0\" data-animationOffset=\"top-into-view\"><a class=\"fusion-no-lightbox\" href=\"https:\/\/lavieensoie.fr\/index.php\/professionnels-ateliers\/\" target=\"_self\" aria-label=\"la vie en soie &#8211; en atelier\"><img decoding=\"async\" width=\"1080\" height=\"1080\" src=\"https:\/\/lavieensoie.fr\/wp-content\/uploads\/2022\/01\/3-3.jpg\" alt class=\"img-responsive wp-image-3938\" srcset=\"https:\/\/lavieensoie.fr\/wp-content\/uploads\/2022\/01\/3-3-200x200.jpg 200w, https:\/\/lavieensoie.fr\/wp-content\/uploads\/2022\/01\/3-3-400x400.jpg 400w, https:\/\/lavieensoie.fr\/wp-content\/uploads\/2022\/01\/3-3-600x600.jpg 600w, https:\/\/lavieensoie.fr\/wp-content\/uploads\/2022\/01\/3-3-800x800.jpg 800w, https:\/\/lavieensoie.fr\/wp-content\/uploads\/2022\/01\/3-3.jpg 1080w\" sizes=\"(max-width: 800px) 100vw, 600px\" \/><\/a><\/span><\/div><\/div><div class=\"fusion-title title fusion-title-2 fusion-sep-none fusion-title-center fusion-title-text fusion-title-size-two\" style=\"--awb-margin-top:0px;\"><h2 class=\"fusion-title-heading title-heading-center fusion-responsive-typography-calculated\" style=\"margin:0;--fontSize:40;line-height:1.2;\"><h4><span style=\"color: #cfbda6;\">En Ateliers<\/span><\/h4><\/h2><\/div><div class=\"fusion-clearfix\"><\/div><\/div><\/div><div class=\"fusion-layout-column fusion_builder_column fusion-builder-column-2 fusion_builder_column_1_2 1_2 fusion-one-half fusion-column-last\" style=\"--awb-bg-color:#ffffff;--awb-bg-color-hover:#ffffff;--awb-bg-size:cover;width:50%;width:calc(50% - ( ( 6% ) * 0.5 ) );\"><div class=\"fusion-column-wrapper fusion-column-has-shadow fusion-flex-column-wrapper-legacy\"><div class=\"fusion-image-element fusion-image-align-center in-legacy-container\" style=\"text-align:center;--awb-max-width:300px;--awb-caption-title-font-family:var(--h2_typography-font-family);--awb-caption-title-font-weight:var(--h2_typography-font-weight);--awb-caption-title-font-style:var(--h2_typography-font-style);--awb-caption-title-size:var(--h2_typography-font-size);--awb-caption-title-transform:var(--h2_typography-text-transform);--awb-caption-title-line-height:var(--h2_typography-line-height);--awb-caption-title-letter-spacing:var(--h2_typography-letter-spacing);\"><div class=\"imageframe-align-center\"><span class=\" fusion-imageframe imageframe-none imageframe-2 hover-type-zoomin fusion-animated\" style=\"border-radius:50%;\" data-animationType=\"fadeInDown\" data-animationDuration=\"1.0\" data-animationOffset=\"top-into-view\"><a class=\"fusion-no-lightbox\" href=\"https:\/\/lavieensoie.fr\/index.php\/consultations-privees\/\" target=\"_self\" aria-label=\"la vie en soie &#8211; en consultation\"><img decoding=\"async\" width=\"1080\" height=\"1080\" src=\"https:\/\/lavieensoie.fr\/wp-content\/uploads\/2022\/01\/2-2.jpg\" alt class=\"img-responsive wp-image-3937\" srcset=\"https:\/\/lavieensoie.fr\/wp-content\/uploads\/2022\/01\/2-2-200x200.jpg 200w, https:\/\/lavieensoie.fr\/wp-content\/uploads\/2022\/01\/2-2-400x400.jpg 400w, https:\/\/lavieensoie.fr\/wp-content\/uploads\/2022\/01\/2-2-600x600.jpg 600w, https:\/\/lavieensoie.fr\/wp-content\/uploads\/2022\/01\/2-2-800x800.jpg 800w, https:\/\/lavieensoie.fr\/wp-content\/uploads\/2022\/01\/2-2.jpg 1080w\" sizes=\"(max-width: 800px) 100vw, 600px\" \/><\/a><\/span><\/div><\/div><div class=\"fusion-title title fusion-title-3 fusion-sep-none fusion-title-center fusion-title-text fusion-title-size-two\" style=\"--awb-margin-top:0px;\"><h2 class=\"fusion-title-heading title-heading-center fusion-responsive-typography-calculated\" style=\"margin:0;--fontSize:40;line-height:1.2;\"><h4><span style=\"color: #cfbda6;\">En consultations priv\u00e9es<\/span><\/h4><\/h2><\/div><div class=\"fusion-clearfix\"><\/div><\/div><\/div><\/div><\/div><\/div><\/div><nav id=\"fusion-scroll-section-nav-1\" class=\"fusion-scroll-section-nav scroll-navigation-right\" data-section=\"1\" ><ul><li><a href=\"#fusion-scroll-section-element-1-1\" class=\"fusion-scroll-section-link\" data-name=\"Our Prices\" data-element=\"1\"><span class=\"fusion-scroll-section-link-bullet\"><\/span><\/a><\/li><\/ul><\/nav><\/div>\n","protected":false},"excerpt":{"rendered":"","protected":false},"author":2,"featured_media":0,"parent":0,"menu_order":0,"comment_status":"closed","ping_status":"closed","template":"100-width.php","meta":{"footnotes":""},"class_list":["post-1727","page","type-page","status-publish","hentry"],"acf":[],"yoast_head":"<!-- This site is optimized with the Yoast SEO plugin v21.1 - https:\/\/yoast.com\/wordpress\/plugins\/seo\/ -->\n<title>Nos professionnels - La vie en soie<\/title>\n<meta name=\"robots\" content=\"index, follow, max-snippet:-1, max-image-preview:large, max-video-preview:-1\" \/>\n<link rel=\"canonical\" href=\"https:\/\/lavieensoie.fr\/index.php\/nos-professionnels\/\" \/>\n<meta property=\"og:locale\" content=\"fr_FR\" \/>\n<meta property=\"og:type\" content=\"article\" \/>\n<meta property=\"og:title\" content=\"Nos professionnels - La vie en soie\" \/>\n<meta property=\"og:url\" content=\"https:\/\/lavieensoie.fr\/index.php\/nos-professionnels\/\" \/>\n<meta property=\"og:site_name\" content=\"La vie en soie\" \/>\n<meta property=\"article:modified_time\" content=\"2023-04-04T08:48:50+00:00\" \/>\n<meta name=\"twitter:card\" content=\"summary_large_image\" \/>\n<meta name=\"twitter:label1\" content=\"Dur\u00e9e de lecture estim\u00e9e\" \/>\n\t<meta name=\"twitter:data1\" content=\"6 minutes\" \/>\n<script type=\"application\/ld+json\" class=\"yoast-schema-graph\">{\"@context\":\"https:\/\/schema.org\",\"@graph\":[{\"@type\":\"WebPage\",\"@id\":\"https:\/\/lavieensoie.fr\/index.php\/nos-professionnels\/\",\"url\":\"https:\/\/lavieensoie.fr\/index.php\/nos-professionnels\/\",\"name\":\"Nos professionnels - La vie en soie\",\"isPartOf\":{\"@id\":\"https:\/\/lavieensoie.fr\/#website\"},\"datePublished\":\"2016-08-02T11:05:09+00:00\",\"dateModified\":\"2023-04-04T08:48:50+00:00\",\"breadcrumb\":{\"@id\":\"https:\/\/lavieensoie.fr\/index.php\/nos-professionnels\/#breadcrumb\"},\"inLanguage\":\"fr-FR\",\"potentialAction\":[{\"@type\":\"ReadAction\",\"target\":[\"https:\/\/lavieensoie.fr\/index.php\/nos-professionnels\/\"]}]},{\"@type\":\"BreadcrumbList\",\"@id\":\"https:\/\/lavieensoie.fr\/index.php\/nos-professionnels\/#breadcrumb\",\"itemListElement\":[{\"@type\":\"ListItem\",\"position\":1,\"name\":\"Accueil\",\"item\":\"https:\/\/lavieensoie.fr\/\"},{\"@type\":\"ListItem\",\"position\":2,\"name\":\"Nos professionnels\"}]},{\"@type\":\"WebSite\",\"@id\":\"https:\/\/lavieensoie.fr\/#website\",\"url\":\"https:\/\/lavieensoie.fr\/\",\"name\":\"La vie en soie\",\"description\":\"Bien-\u00eatre parents enfants\",\"publisher\":{\"@id\":\"https:\/\/lavieensoie.fr\/#organization\"},\"potentialAction\":[{\"@type\":\"SearchAction\",\"target\":{\"@type\":\"EntryPoint\",\"urlTemplate\":\"https:\/\/lavieensoie.fr\/?s={search_term_string}\"},\"query-input\":\"required name=search_term_string\"}],\"inLanguage\":\"fr-FR\"},{\"@type\":\"Organization\",\"@id\":\"https:\/\/lavieensoie.fr\/#organization\",\"name\":\"La vie en soie\",\"url\":\"https:\/\/lavieensoie.fr\/\",\"logo\":{\"@type\":\"ImageObject\",\"inLanguage\":\"fr-FR\",\"@id\":\"https:\/\/lavieensoie.fr\/#\/schema\/logo\/image\/\",\"url\":\"https:\/\/lavieensoie.fr\/wp-content\/uploads\/2021\/08\/cropped-Sans-titre-3.png\",\"contentUrl\":\"https:\/\/lavieensoie.fr\/wp-content\/uploads\/2021\/08\/cropped-Sans-titre-3.png\",\"width\":500,\"height\":500,\"caption\":\"La vie en soie\"},\"image\":{\"@id\":\"https:\/\/lavieensoie.fr\/#\/schema\/logo\/image\/\"}}]}<\/script>\n<!-- \/ Yoast SEO plugin. -->","yoast_head_json":{"title":"Nos professionnels - La vie en soie","robots":{"index":"index","follow":"follow","max-snippet":"max-snippet:-1","max-image-preview":"max-image-preview:large","max-video-preview":"max-video-preview:-1"},"canonical":"https:\/\/lavieensoie.fr\/index.php\/nos-professionnels\/","og_locale":"fr_FR","og_type":"article","og_title":"Nos professionnels - La vie en soie","og_url":"https:\/\/lavieensoie.fr\/index.php\/nos-professionnels\/","og_site_name":"La vie en soie","article_modified_time":"2023-04-04T08:48:50+00:00","twitter_card":"summary_large_image","twitter_misc":{"Dur\u00e9e de lecture estim\u00e9e":"6 minutes"},"schema":{"@context":"https:\/\/schema.org","@graph":[{"@type":"WebPage","@id":"https:\/\/lavieensoie.fr\/index.php\/nos-professionnels\/","url":"https:\/\/lavieensoie.fr\/index.php\/nos-professionnels\/","name":"Nos professionnels - La vie en soie","isPartOf":{"@id":"https:\/\/lavieensoie.fr\/#website"},"datePublished":"2016-08-02T11:05:09+00:00","dateModified":"2023-04-04T08:48:50+00:00","breadcrumb":{"@id":"https:\/\/lavieensoie.fr\/index.php\/nos-professionnels\/#breadcrumb"},"inLanguage":"fr-FR","potentialAction":[{"@type":"ReadAction","target":["https:\/\/lavieensoie.fr\/index.php\/nos-professionnels\/"]}]},{"@type":"BreadcrumbList","@id":"https:\/\/lavieensoie.fr\/index.php\/nos-professionnels\/#breadcrumb","itemListElement":[{"@type":"ListItem","position":1,"name":"Accueil","item":"https:\/\/lavieensoie.fr\/"},{"@type":"ListItem","position":2,"name":"Nos professionnels"}]},{"@type":"WebSite","@id":"https:\/\/lavieensoie.fr\/#website","url":"https:\/\/lavieensoie.fr\/","name":"La vie en soie","description":"Bien-\u00eatre parents enfants","publisher":{"@id":"https:\/\/lavieensoie.fr\/#organization"},"potentialAction":[{"@type":"SearchAction","target":{"@type":"EntryPoint","urlTemplate":"https:\/\/lavieensoie.fr\/?s={search_term_string}"},"query-input":"required name=search_term_string"}],"inLanguage":"fr-FR"},{"@type":"Organization","@id":"https:\/\/lavieensoie.fr\/#organization","name":"La vie en soie","url":"https:\/\/lavieensoie.fr\/","logo":{"@type":"ImageObject","inLanguage":"fr-FR","@id":"https:\/\/lavieensoie.fr\/#\/schema\/logo\/image\/","url":"https:\/\/lavieensoie.fr\/wp-content\/uploads\/2021\/08\/cropped-Sans-titre-3.png","contentUrl":"https:\/\/lavieensoie.fr\/wp-content\/uploads\/2021\/08\/cropped-Sans-titre-3.png","width":500,"height":500,"caption":"La vie en soie"},"image":{"@id":"https:\/\/lavieensoie.fr\/#\/schema\/logo\/image\/"}}]}},"_links":{"self":[{"href":"https:\/\/lavieensoie.fr\/index.php\/wp-json\/wp\/v2\/pages\/1727","targetHints":{"allow":["GET"]}}],"collection":[{"href":"https:\/\/lavieensoie.fr\/index.php\/wp-json\/wp\/v2\/pages"}],"about":[{"href":"https:\/\/lavieensoie.fr\/index.php\/wp-json\/wp\/v2\/types\/page"}],"author":[{"embeddable":true,"href":"https:\/\/lavieensoie.fr\/index.php\/wp-json\/wp\/v2\/users\/2"}],"replies":[{"embeddable":true,"href":"https:\/\/lavieensoie.fr\/index.php\/wp-json\/wp\/v2\/comments?post=1727"}],"version-history":[{"count":4,"href":"https:\/\/lavieensoie.fr\/index.php\/wp-json\/wp\/v2\/pages\/1727\/revisions"}],"predecessor-version":[{"id":3939,"href":"https:\/\/lavieensoie.fr\/index.php\/wp-json\/wp\/v2\/pages\/1727\/revisions\/3939"}],"wp:attachment":[{"href":"https:\/\/lavieensoie.fr\/index.php\/wp-json\/wp\/v2\/media?parent=1727"}],"curies":[{"name":"wp","href":"https:\/\/api.w.org\/{rel}","templated":true}]}}